 + 2*q - z. What is x(3)?
5
Let f(u) = u**3 - u**2 + 2*u + 1. Let z be ((-360)/50)/6*10/(-6). Determine f(z).
9
Let z(k) = -1. Let l = 62 - 65. Let x(p) = -p - 3. Let u(t) = l*z(t) + x(t). Give u(-1).
1
Let b(l) = -l**3 + 5*l**2 - 6*l + 5. Let a be b(3). Let x(s) be the first derivative of -4/3*s**3 - 1/4*s**4 + s + 1/2*s**2 + a. What is x(-3)?
-11
Suppose 0 = 4*y + 5*d + 7, 2*d - d + 1 = -y. Let o be (-83)/(-9) + y/(-9). Suppose f - 3 = z, -2*z + o = z. Let u(x) = -x + 12. What is u(f)?
6
Suppose 2*g - 2 = 2. Let a(f) = -2*f**3 - f**3 + 4*f**2 + g*f**2 + 2*f**3. Suppose 7*o - 12 = 5*o. Give a(o).
0
Let q(p) = 46*p + 177. Let y be q(-4). Let a(z) = -z**3 - 7*z**2 + 3. What is a(y)?
3
Let m be (1/(-2)*-3)/(1/(-2)). Let b(i) = i**2 + 3. Let w(z) = z**2 + z + 3. Let y(u) = m*b(u) + 4*w(u). Calculate y(-4).
3
Let b(r) = r - 3. Let q(j) be the first derivative of j**2/2 - j + 36. Let a be q(10). What is b(a)?
6
Let f(l) = 0*l - 5 + 3*l + 0*l. Let w(p) = p**2 + p. Let o be (-10)/(-30) - (-4)/6. Let g(a) = o*w(a) + f(a). Give g(-5).
0
Let g be (-7)/(28/(-40)) + -10. Let u(l) = l**2 + l - 4. Calculate u(g).
-4
Suppose -5*m + 5*l = -30, m - 2*m + 18 = -5*l. Let b be (-18)/(-8) + 6/(-24). Let w(a) = 0 - a**2 + 1 + 0*a**b + 4*a. Determine w(m).
4
Let z(o) = -o**2 + 2*o - 3. Let d be z(3). Let y = d - -10. Let i(p) = -p - y + 7 + p**2 - 12. Calculate i(0).
-9
Suppose 3*s + 5*r - 48 = -0*s, 27 = s - 2*r. Let o(k) = -7*k - 17*k - k**2 + s*k. What is o(-6)?
-18
Let n(s) = s**3 + 6*s**2 + 5*s + 3. Suppose 5*u = 2*h + 9 + 23, 2*h = -u - 8. Determine n(h).
-27
Let t(a) = -1. Let m(f) = -620*f**2 + 6 - 1 + 0*f + 619*f**2 - 2*f. Let o(u) = -m(u) - 3*t(u). Give o(-3).
1
Let r(q) be the third derivative of -q**7/1260 + q**6/180 + q**5/40 - 2*q**4/3 - 22*q**2. Let g(n) be the second derivative of r(n). Calculate g(-2).
-13
Let l(m) = m**2 + 7*m. Let b = -268 - -261. Give l(b).
0
Let a(w) be the first derivative of -4/3*w**3 + w**2 - 1/4*w**4 + 36 + 4*w. Give a(-4).
-4
Let j(f) = f**3 - 7*f**2 - 8. Let c = 12 + 3. Suppose -r = -3*r - 4*w + 16, -r - 5*w + 2 = 0. Suppose -r*x + c*x = 21. Calculate j(x).
-8
Let s(l) be the third derivative of -l**4/24 - l**3/6 + 164*l**2. Suppose 0 = 5*d - 4*z - 25, -5*d + 25 = -7*z + 4*z. What is s(d)?
-6
Let o(l) = -l - 1. Let b(p) = -p - 2. Let y be (-6)/(-4)*(-12)/(-9). Let n(j) = y*b(j) - 5*o(j). Suppose 4 - 2 = 5*d + 4*g, 0 = -4*g + 12. What is n(d)?
-5
Let q(j) = -11*j**3 - 16*j**2 - 6*j + 9. Let l(z) = 5*z**3 + 8*z**2 + 3*z - 5. Let a(p) = -9*l(p) - 4*q(p). Calculate a(-7).
-19
Let q(m) be the third derivative of -7/24*m**4 - m**3 + 0 + 3*m**2 + 1/60*m**5 + 0*m. Determine q(8).
2
Suppose 0 = -2*x - 5*u - 11, -x - 7 = 10*u - 7*u. Let t(b) be the first derivative of -1/2*b**2 - x*b + 11. What is t(6)?
-8
Suppose 3*u = 0, -d - 4*u + 31 = 1. Let p be -1 - 1 - -1*2. Suppose d = -5*a - p*a. Let r(s) = -s. What is r(a)?
6
Let l(w) = w**2. Let d(c) = -3*c**2 - 4*c + 3. Let s(m) = d(m) + 2*l(m). Give s(3).
-18
Suppose -1694*j - 8 = -1690*j. Let t(y) = -y**2 - 5*y - 8. Determine t(j).
-2
Let l(z) = z**3 - 15*z**2 + 6*z**2 - 3 + 566296*z - 566289*z. Determine l(8).
-11
Let r(z) = -3*z - 3. Let q(b) = -4*b - 2. Let a(t) = 2*q(t) - 3*r(t). Let g be (-54)/13 - 21/((-1365)/10) - 3. Give a(g).
-2
Let d(l) = 4*l + 8. Let c(z) = -5*z - 7. Let v(w) = -5*c(w) - 4*d(w). Determine v(-1).
-6
Let z(q) = 9*q**2 - 7*q - 13. Let s(h) = -8*h**2 + 7*h + 11. Let m(p) = 6*s(p) + 5*z(p). Determine m(5).
-39
Let n(q) be the third derivative of q**6/120 - q**5/20 - q**4/6 - q**3/2 + q**2. Let a(o) = 25*o - 12. Let g be a(3). Let u = 67 - g. Calculate n(u).
-3
Let a(y) = -y + 18. Suppose -56*k + 50*k = -30. Suppose -71 = -k*z - 3*s, 2*s = z + 4*s - 17. Calculate a(z).
5
Let q(x) = -5*x**3 + 8*x + 7. Let m(n) = -3*n**3 + 5*n + 5. Let r(z) = 8*m(z) - 5*q(z). Give r(0).
5
Let n = -11 + 0. Let x be n + 11 + (13 - 2). Let a(z) = -x - 2*z + 18 + z**2 - 6. What is a(-2)?
9
Let j(h) = 67*h + 270. Let q be j(-4). Let d(w) be the second derivative of 7*w + 0 - 1/6*w**3 + q*w**2. Determine d(6).
-2
Let v(i) = 15*i**2 - 2*i - 1. Suppose 2*l - 2*m + 4 = -0, 0 = 5*l - 2*m - 5. Let t = l + -4. Let d be (t + 2)*1*-1. Determine v(d).
16
Suppose 0 = -0*i + 3*i. Let s(y) be the second derivative of 0*y**4 - y**2 + 0*y**3 + 0 + 1/20*y**5 + y. Determine s(i).
-2
Suppose 0 = 2*j - 4*j + 10. Let o(v) = -2*v**2 + 6*v + 6. What is o(j)?
-14
Let y(v) be the second derivative of -v**6/60 + v**3/6 - 27*v**2/2 + 23*v. Let f(g) be the first derivative of y(g). Determine f(-1).
3
Let f(a) = -9*a**2 + 13*a - 7. Let u(r) = -5*r**2 + 7*r - 4. Let i(h) = 4*f(h) - 7*u(h). Suppose 32 = y + 3*y - 5*m, 0 = y + m + 1. Determine i(y).
0
Let m(c) = c**3 - 3*c**2 - c + 1. Let o = 40 - 35. Suppose 0 = 3*g + u - 5 - 1, o*u = 3*g - 24. Give m(g).
-2
Let v(u) = u**2 + 5*u + 4. Let g(r) = -4 - 1 + 0 + r. Suppose -3*j + 20 = -2*j - 4*p, 4*p = -5*j - 20. Let h be g(j). Calculate v(h).
4
Let x(a) be the first derivative of 7/4*a**4 - 1/3*a**3 + 13 + 0*a - 1/2*a**2. Suppose 4*f + 5 = 1. Calculate x(f).
-7
Let w = -2 - -12. Suppose -q + 2 = -y, 3*q = 2*y - y + w. Let j(k) = 3*k - 2*k - 5*k + q + 3*k. Calculate j(8).
-4
Let z(m) = m + 3. Let y(i) = i**2 - i - 7. Let u be y(3). Let d be 10/(7 - 5) + u. Give z(d).
7
Let u = -165 - -169. Let y(x) = -x**3 + 4*x**2 - 3*x + 5. Determine y(u).
-7
Let p(w) = -w**2 + 5*w - 5. Let a be 2/6 - (-14)/3. Suppose 0*k = k - a. Suppose 29 = 5*r - 6*v + 2*v, -15 = -4*r - k*v. Give p(r).
-5
Suppose 2*m + 259 = 9*m. Let k(x) = 7 - m*x + 36*x - 3. Calculate k(5).
-1
Let m(q) = q**3 - q + 2. Let v be 3 + (-2 - 10/(-6))*9. Let f be m(v). Let k(d) = -d**3 + 3*d**2 - 3*d + 3. What is k(f)?
1
Let a(n) be the first derivative of -n**4/4 + 5*n**3/3 - n**2/2 + 4*n - 10. Suppose -26*l - 54 + 184 = 0. Calculate a(l).
-1
Let j be 4/(-14) - 138/(-42). Let p(n) = -5 + 8*n - j*n + 3*n**2 - 4*n**2. Suppose -l + 10 = 6. Determine p(l).
-1
Let b(c) = 52*c - 7. Let i be b(3). Let v = -147 + i. Let x(j) = -j**3 - j**2 + 2*j + 1. Determine x(v).
-7
Let j(t) = -t**3 - t**2 + 3*t - 2. Suppose 7*v - 15 = k + 3*v, -5*k - 12 = v. What is j(k)?
7
Let w(a) be the second derivative of a**3/2 + 3*a**2/2 - 2*a + 24. What is w(5)?
18
Suppose 7*x = -x + 16. Let i(v) = -17*v + 27*v + x - 11*v. Determine i(7).
-5
Let l(d) = -2*d - 3. Let j be (-52)/24 + (-5)/(-30). Let w(u) = u + 3. Let x(r) = j*l(r) - 3*w(r). What is x(-3)?
-6
Suppose -3*c - 2*w + 34 - 2 = 0, 0 = -c - 4*w + 24. Let s(m) = -m**2 + m - m**3 - 4 - 5*m - 3 + c*m**2. Suppose -14*x = -10*x - 24. What is s(x)?
5
Suppose -3*k + k = -18. Suppose k*u - 10*u - 6 = 0. Let i(o) = -o - 7. Give i(u).
-1
Let h(z) = 11*z**2 - z. Suppose -4*c = 5*i - 24, 0*c + 2*c + 2*i - 10 = 0. Give h(c).
10
Let k(t) = -t**3 - 6*t**2 - t - 3. Let a(j) = -j**3 - 4*j**2 + 6*j - 1. Suppose 8*n = 5*n - 15. Let v be a(n). Determine k(v).
3
Let u(l) = -6 + 43*l - 175*l + 42*l + 49*l + 43*l. Let f = 15 + -10. Calculate u(f).
4
Let c = -6 + 2. Suppose -q - 31 = -5*j - 6, -22 = -3*j + 2*q. Let z(y) = -j*y + 2 - 2*y + 5*y. Give z(c).
6
Let g(h) be the third derivative of h**6/120 - h**4/8 - h**3/6 + 296*h**2. Give g(-2).
-3
Suppose 5*v = 3*h + 15, -11*h + 16*h + 3*v + 25 = 0. Let o(p) = p**2 + 3*p - 8. What is o(h)?
2
Let m(v) be the first derivative of 3*v**4/4 + v**3 + 2*v**2 + v - 194. Determine m(-1).
-3
Suppose -4 = -5*p - 29. Let y(z) = z**3 + 8*z**2. Let i(f) = f**2 - 1. Let r(v) = -3*i(v) + y(v). What is r(p)?
3
Let y be (-1 - (-5)/8)/(48/(-448)). Let h(g) be the first derivative of -g - 4 + 1/3*g**3 + y*g**2. Determine h(-7).
-1
Let j be 6/5*5/(-2). Let o(m) = 4*m - 13. Let s be o(5). Let l(x) = -x + 3. Let q(u) = -u + 2. Let i(a) = s*q(a) - 6*l(a). Give i(j).
-1
Let j(v) = -2*v + 65. Let b be j(-33). Let n = 125 - b. Let z(d) = 2*d - 2 + 3*d - 3*d. Determine z(n).
-14
Let p(b) = 5*b**2 - 7*b - 9. Let n(h) = 3*h**2 - 4*h - 5. Let r(z) = -11*n(z) + 6*p(z). Give r(-1).
-4
Let d be (3 + 16/(-9))/(51/459). Let w(s) = -2*s**2 + 22*s + 11. Determine w(d).
11
Let o = -199 + 206. Let a(j) = j**2 - 2*j - 30. What is a(o)?
5
Let c(x) = -2 - 1 + x + 1. Suppose -8 = -45*b + 43*b. Calculate c(b).
2
Suppose 0 = 5*l + l - 6. Let r be (-496)/96 + l/6. Let j(u) = 3*u + 7. What is j(r)?
-8
Let u(o)